100100010 (base 2) to base 12.
-a5256
-ea3ea (base 15) to base 6
-23533351
What is 232060 (base 9) in base 4?
202000131
Convert 1000010100111110111111 (base 2) to base 16.
214fbf
-6353500 (base 10) to base 3
-102221210100211
Convert -300001 (base 8) to base 4.
-120000001
What is -1867833 (base 9) in base 10?
-1048980
What is -1c35 (base 14) in base 13?
-2458
11210300101 (base 4) to base 16
164c11
-1535026 (base 9) to base 12
-34bb06
6172754 (base 8) to base 2
110001111010111101100
What is -10110010222000 (base 3) in base 14?
-35a21a
What is 9a18 (base 16) in base 3?
2000010001
9369 (base 15) to base 3
1120201200
What is 32c245 (base 15) in base 4?
21032322212
-18a12 (base 12) to base 11
-25070
-1059886 (base 11) to base 14
-365087
-6388 (base 10) to base 7
-24424
Convert -1075e6 (base 15) to base 16.
-bf7d5
What is -37a0a9 (base 12) in base 14?
-199409
-53ac4 (base 13) to base 4
-210323032
Convert 398b4c (base 15) to base 6.
135121013
Convert a75a1 (base 11) to base 3.
21221121012
Convert -1135456 (base 7) to base 3.
-21021222221
-61621e (base 15) to base 10
-4627604
350ba7 (base 12) to base 6
30131531
Convert -9735b (base 16) to base 13.
-188ba9
What is 4342145 (base 7) in base 10?
531389
44142610 (base 8) to base 15
c762bc
Convert 669c20 (base 16) to base 12.
23036a8
1827f0 (base 16) to base 8
6023760
Convert 490b (base 15) to base 5.
444121
What is a074c (base 13) in base 3?
112120111100
Convert 300110333 (base 5) to base 10.
1175718
1000010010000101001001010 (base 2) to base 9
35613637
What is -1101101101100001100000 (base 2) in base 3?
-20202121111120
Convert 106097 (base 12) to base 9.
434637
Convert -210612340 (base 7) to base 13.
-277216c
ae8733 (base 15) to base 9
16607133
What is -10504145 (base 6) in base 3?
-121020121102
Convert -31b89 (base 12) to base 15.
-146a0
Convert -5965b (base 16) to base 3.
-200121021220
What is 1310212 (base 7) in base 3?
22122222201
-12a431 (base 11) to base 5
-23013121
What is -5830ab (base 15) in base 13?
-b46305
What is 3404310 (base 5) in base 4?
32220303
-25b2c1 (base 14) to base 2
-100111101000000101001
3450452 (base 6) to base 15
379d8
Convert -2101212011200 (base 3) to base 5.
-311322410
Convert -102405321 (base 7) to base 2.
-10111001001101111010100
-220002131231 (base 4) to base 2
-101000000010011101101101
What is 748665 (base 9) in base 2?
1101100111000001100
52a33 (base 14) to base 16
30b95
1312413420 (base 5) to base 6
153340545
3612212 (base 9) to base 12
7a44b5
Convert -4505 (base 12) to base 6.
-55205
Convert 112390 (base 13) to base 11.
257206
-111021110011 (base 3) to base 11
-169365
Convert -1430320114 (base 5) to base 11.
-2139491
What is -55310253 (base 7) in base 8?
-22116606
What is -1303242204 (base 5) in base 7?
-36015563
Convert -2019218 (base 11) to base 2.
-1101100111100101010011
Convert -424874 (base 11) to base 10.
-679859
-1110100100010011010101 (base 2) to base 3
-21012000021200
What is 283989 (base 10) in base 7?
2261646
What is -1000011010000110011 (base 2) in base 15?
-56972
Convert 9755cc (base 15) to base 9.
14504053
2011022310 (base 4) to base 12
2237b0
What is 9b5a8 (base 13) in base 4?
1010321113
-214435535 (base 6) to base 4
-32232320303
2358d (base 16) to base 2
100011010110001101
What is -24423044 (base 5) in base 12?
-b2943
5a9853 (base 12) to base 13
3c5412
2121211102102 (base 3) to base 11
8724a5
33156 (base 8) to base 6
144302
Convert -224701 (base 9) to base 5.
-13302304
63217 (base 12) to base 2
11111101101110011
What is -185f9 (base 16) in base 4?
-120113321
286c9e (base 15) to base 14
3896c9
Convert 66159 (base 10) to base 6.
1230143
-134897 (base 10) to base 4
-200323301
What is -30000011303 (base 4) in base 8?
-14000563
3123230030 (base 4) to base 13
256775
100012112120222 (base 3) to base 4
102222111311
-14130522 (base 6) to base 15
-96b48
-33402332 (base 8) to base 7
-115166666
Convert -710180 (base 12) to base 15.
-24c4a0
What is 20300112233 (base 4) in base 7?
25336406
-4973990 (base 10) to base 11
-289803a
Convert 122181 (base 10) to base 12.
5a859
What is 36244251 (base 7) in base 11?
1900197
11774807 (base 9) to base 10
5777251
Convert 12231240 (base 5) to base 7.
1000064
What is -1111011010100001100111 (base 2) in base 8?
-17324147
Convert 220100110101 (base 3) to base 15.
97027
Convert 10131223002 (base 4) to base 3.
2012110002120
Convert -52615413 (base 8) to base 9.
-23081122
-210000443 (base 5) to base 16
-d1d6a
Convert 3332044 (base 7) to base 11.
26100a
1076741 (base 8) to base 16
47de1
-500aa (base 16) to base 7
-2533555
What is -11c98 (base 14) in base 8?
-125176
Convert 422365 (base 8) to base 7.
1123501
What is 10204331 (base 7) in base 10?
858698
Convert -1001100111000111010 (base 2) to base 14.
-82ab8
-22232331 (base 4) to base 3
-2020022100
Convert -2123401241 (base 5) to base 8.
-21155670
Convert -1022002112 (base 3) to base 9.
-38075
What is -1db85 (base 15) in base 4?
-113231030
What is -84616 (base 12) in base 16?
-2a672
What is -17c02 (base 16) in base 15?
-1dc57
Convert 3628a (base 13) to base 11.
68689
Convert 33a50 (base 11) to base 13.
19502
Convert 4240455 (base 6) to base 2.
110010101010110011
fd5b (base 16) to base 11
44803
Convert -2121001111120 (base 3) to base 8.
-5205131
-224a (base 16) to base 13
-3cc3
17f1b (base 16) to base 11
6775a
-101110000100101010011001 (base 2) to base 6
-1110511213
Convert -27739 (base 14) to base 8.
-276267
-11543010 (base 6) to base 15
-75040
Convert -1401144 (base 5) to base 11.
-1a297
-13103013 (base 5) to base 3
-20112021120
Convert 1100000100100001110110 (base 2) to base 5.
1302224103
What is -11b534 (base 13) in base 5?
-102044114
Convert -1c939c7 (base 13) to base 9.
-18861818
Convert -44feaf (base 16) to base 7.
-53301434
Convert 1100011110011111111111 (base 2) to base 13.
8a68cb
Convert c512 (base 14) to base 7.
200622
Convert 67a671 (base 11) to base 6.
35113243
-130111231113 (base 4) to base 3
-111222102121100
What is -3333323 (base 5) in base 13?
-2088a
-29574 (base 16) to base 2
-101001010101110100
Convert -9299213 (base 11) to base 13.
-3527468
What is 1348057 (base 9) in base 7?
6203344
Convert 102202200112 (base 3) to base 4.
320202221
What is 66358 (base 10) in base 16?
10336
Convert -1010020023 (base 4) to base 14.
-739a3
What is 13998c8 (base 13) in base 4?
113232110102
What is 13316600 (base 7) in base 13?
3417c5
What is 2491668 (base 10) in base 13?
69317a
-4211142 (base 5) to base 11
-48285
-5325043 (base 6) to base 14
-6ac15
What is -201110120 (base 4) in base 11?
-93596
-328371 (base 9) to base 10
-196408
Convert 713058 (base 16) to base 9.
14855450
357151 (base 8) to base 9
206001
What is 462677 (base 8) in base 13?
56691
Convert -121110210212222 (base 3) to base 6.
-511353212
What is 22111112203 (base 4) in base 9?
5077817
What is 2121660 (base 7) in base 3?
111002100020
What is -214303343 (base 5) in base 14?
-1a3799
Convert -33004110 (base 8) to base 7.
-114115265
What is 685261 (base 11) in base 8?
4121536
Convert -3221322 (base 4) to base 15.
-4680
What is 120221401 (base 5) in base 8?
2073151
What is -667691 (base 11) in base 10?
-1064295
-24414 (base 14) to base 7
-516224
26346616 (base 8) to base 3
102002000011001
What is 471607 (base 8) in base 11?
aa773
Convert 101010100110011010 (base 2) to base 13.
61564
Convert 10111100001010000111011 (base 2) to base 7.
103256255
Convert 775400 (base 13) to base 2.
1010101110001100001111
-2667517 (base 8) to base 2
-10110110111101001111
What is -1121210031 (base 4) in base 12?
-158379
Convert 32113014 (base 5) to base 11.
174746
Convert -625113 (base 9) to base 4.
-1122213102
What is 22ccba (base 13) in base 7?
10016506
-102009 (base 11) to base 5
-20214342
What is -1000001110101110 (base 2) in base 9?
-51215
Convert 75959 (base 10) to base 7.
434312
What is -b7800b (base 12) in base 5?
-1220134024
-160454 (base 9) to base 15
-1e40d
What is 6c3a65 (base 13) in base 15?
35e189
Convert 4b0bae (base 16) to base 6.
253225222
What is -57995b (base 15) in base 12?
-1499188
What is 559b9 (base 13) in base 15?
310e3
What is -10510230 (base 6) in base 5?
-40221302
Convert 52367 (base 13) to base 11.
a1046
What is -55244053 (base 6) in base 4?
-12103331001
What is -49a4bc (base 15) in base 7?
-41662401
Convert 443500201 (